n + n + 5*w - 115 = 0, -3*n + w = -110. What is the highest common factor of 280 and n?
35
Suppose u = 3*u - 4. Let m be 6/(u*2/50). Calculate the highest common divisor of 30 and m.
15
Suppose 21 = -5*x - 54. Let a be (-4)/5*x/6. Calculate the greatest common factor of a and 10.
2
Suppose -44 = 2*b + 268. Let d = b - -236. What is the highest common divisor of d and 10?
10
Let n be 1 + 0 + 12 + -5. What is the highest common divisor of 1 and n?
1
Suppose l - 10 = 6*l. Let z be (-1)/l + (-6)/(-12). Let f be z*-2 + (80 - -2). What is the highest common factor of f and 10?
10
Suppose v + 484 = -v. Let q = 349 + v. Suppose -6*m + 3*m - 13 = -w, 5*w - m - q = 0. Calculate the greatest common factor of w and 33.
11
Suppose -6*d + 8 = -4*d - l, 8 = 2*l. Let h(j) = -j**3 + 4*j**2 + 4*j - 1. Let c be h(4). Calculate the greatest common divisor of c and d.
3
Let w be ((-2)/(-4))/(1/80). Let c(f) = -5*f - 2 + 3*f + 4*f. Let u be c(6). What is the highest common divisor of u and w?
10
Let x(k) = -3*k**2 + k**3 + 1 - 3 - 1. Let r be x(4). Calculate the highest common divisor of 13 and r.
13
Let q be (-2)/(-5) - (-69)/15. Suppose 56 = -q*k + 331. Calculate the highest common divisor of k and 5.
5
Let a be (-35*8/(-112))/(2/16). Suppose -2*l = -l - 5. Suppose 15 = 2*m - l. What is the highest common divisor of m and a?
10
Suppose b = -4*z - 5, -5*z = 2 + 3. Let r be 12*3/(2 - b). What is the highest common divisor of 24 and r?
12
Let j = 38 - 37. Calculate the greatest common factor of 1 and j.
1
Suppose -2*b - 20 = -2*t, 3*b + 2 = b. Calculate the greatest common divisor of t and 81.
9
Let b be (-37)/((-9)/(-6) + -2). Suppose 4*g = z + 2*z - b, -108 = -4*z + 3*g. What is the highest common factor of z and 6?
6
Suppose 3*r - 27 = -4*g, 0*r + 5*r + g = 28. Suppose 2*s = -r*m + 27, -s + 2*m + 41 - 5 = 0. What is the highest common factor of s and 13?
13
Let d = 51 + 28. Let a = 205 - d. Calculate the greatest common divisor of 14 and a.
14
Let u = 46 + 52. Calculate the greatest common factor of u and 14.
14
Suppose 19 = 3*a - 23. Suppose -p + 5*m = p - 115, 15 = 3*m. Let l be ((-4)/(-10))/(2/p). What is the greatest common divisor of l and a?
14
Let w = 18 + -12. Calculate the highest common factor of w and 1.
1
Let k be ((-36)/7)/(21/(-441)). What is the greatest common factor of k and 12?
12
Let c = -9 - -481. Suppose 5*p + 72 = c. Calculate the greatest common divisor of 16 and p.
16
Let f(b) = b**3 - 11*b**2 + 11*b - 3. Let s be f(10). What is the highest common factor of 63 and s?
7
Suppose 6 = -h + 8. Suppose h*n - 3*m = 19, 3*n - m + 3*m = 35. Calculate the greatest common divisor of 99 and n.
11
Suppose 0*a - 4*a = -16, -2*u + 20 = 2*a. What is the highest common factor of u and 30?
6
Suppose y + 4 - 19 = 0. Calculate the highest common factor of 35 and y.
5
Let f be (3 - 4)/(-1)*3. Suppose -f*x - 80 = -5*x. Calculate the highest common factor of 10 and x.
10
Let p be ((-189)/(-6))/(6/8). Let h be 1*3/(3/(-4)). Let f(c) = -c**2 - 5*c + 2. Let z be f(h). What is the highest common divisor of p and z?
6
Let r = -12 + 11. Let x(v) = 4*v - 2. Let g be x(-5). Let m be (r/(-1))/((-1)/g). What is the greatest common divisor of m and 154?
22
Let n = -6 - -10. Suppose -n*i + 3*a + 331 = 0, 5*i - 3*a - 498 = -82. Calculate the highest common factor of 17 and i.
17
Let y = -22 + 70. Calculate the highest common factor of y and 32.
16
Suppose 29 = 3*o - 5*q, -3*q - 20 = -o - 5. Calculate the highest common divisor of o and 27.
3
Suppose -55 = -3*q - 5*l, -3*q - 4*l + 50 = -0. What is the greatest common factor of q and 90?
10
Let b be 156/(-24)*12/(-2). Suppose 3*j + 26 = 4*j. What is the greatest common divisor of j and b?
13
Suppose 0 = -3*b + 39. What is the highest common factor of 65 and b?
13
Let d(i) = -i**2 + i. Let q be d(3). Suppose 3*m + 6 = 0, -4*r - r - 35 = -5*m. Let f be q/(r/(-12) - 1). Calculate the highest common factor of 6 and f.
6
Let b be 2/((-2)/(-3)) + -1. Suppose -66 = -b*d + 36. Calculate the greatest common divisor of 34 and d.
17
Suppose -3*a = 2*a - 30. Suppose 5*p = 4*s + a*p - 45, -3*p = 4*s - 47. Calculate the highest common factor of 99 and s.
11
Suppose 73 = b - 2*q - 39, -2*b + 232 = -2*q. Suppose -3*f - 7 + 79 = 0. What is the greatest common factor of f and b?
24
Let x(u) = -29*u + 3. Suppose 0 = 4*v + 18 - 6. Let s be x(v). What is the greatest common divisor of 10 and s?
10
Suppose 0 = -3*g + 2*y + 19 + 1, -g - 5*y = -1. Suppose 3 - g = 3*b. Let n = 2 - b. Calculate the highest common divisor of n and 27.
3
Suppose -7*s + 362 + 58 = 0. What is the highest common factor of 15 and s?
15
Let m(y) = y**3 - 21*y**2 - 23*y + 30. Let j be m(22). Calculate the highest common divisor of 20 and j.
4
Let z(a) = -a + 5. Let q be z(0). Suppose -4*o = -q*h - 7, -27 = -5*h - 2. Suppose -4*k = -191 - 97. What is the greatest common factor of k and o?
8
Let w be (-207)/(-15) + (-9)/5 + 2. What is the greatest common divisor of 14 and w?
14
Let m be (-85)/(-25) - 2/5. Suppose r - 4*r = m. Let y be r/(1*(-3)/12). Calculate the highest common factor of y and 6.
2
Let q(h) = -h**3 - 11*h**2 + 11*h - 7. Let j be q(-12). Calculate the greatest common factor of 5 and j.
5
Suppose 4*o - 4 = 2*r, 3*r + 1 = 4*r - o. Calculate the highest common factor of r and 6.
2
Let b = 65 + 143. Suppose b = 5*l - l. Let a be 26/3*(-6)/(-4). Calculate the highest common divisor of l and a.
13
Let l(k) = 37*k**3 - 2*k**2 + k. Let b be l(1). Calculate the highest common divisor of b and 54.
18
Let k be 8 + -2*(1 - 0). What is the highest common factor of k and 54?
6
Let k be -2*164/(-8) + -1. What is the greatest common divisor of k and 10?
10
Let r = -3 + 2. Let p be (-298)/(-6) - (-1)/3. Let t = r + p. What is the greatest common factor of t and 7?
7
Let b(x) be the first derivative of 7*x**4/4 + 4*x**3/3 - x**2 - 2*x - 2. Let l be b(2). Calculate the highest common divisor of 6 and l.
6
Let g(m) = 3*m - 2. Let r be g(2). Let b be -2 + r/1 + 16. Suppose -66*d = -70*d + 24. What is the greatest common factor of b and d?
6
Let w(a) = a**2 + 15*a + 32. Let r be w(-13). What is the highest common divisor of r and 54?
6
Suppose -124 = 5*j - 499. What is the highest common factor of j and 30?
15
Let i(s) = s**2 + s + 76. Let x be i(0). Let z = -40 + x. Calculate the greatest common divisor of 4 and z.
4
Suppose 4 = -n, -3*g - 5*n - 1 - 1 = 0. Calculate the greatest common divisor of 66 and g.
6
Let i(p) = p**3 - 4*p**2 - 5*p + 3. Let f be i(5). Suppose -4*s + f = -21. Calculate the highest common divisor of s and 66.
6
Let g(y) = -9*y - 7. Let r be g(-4). Calculate the greatest common divisor of r and 87.
29
Let k(r) = -r**2 + 8*r - 3. Let b be k(7). Suppose 4*u = 2*u + f + 85, -u - 3*f = -53. Calculate the highest common divisor of u and b.
4
Let n(s) = -5*s - 4. Let g be n(-2). Suppose 5*v = g + 34. What is the highest common factor of 80 and v?
8
Let u = 53 + -30. Suppose u + 2 = x. What is the greatest common factor of x and 25?
25
Suppose -2*k - 64 = 2*k. Let m = k + 27. What is the greatest common factor of 1 and m?
1
Let y be (-4)/(-6) + (-1130)/(-6). Suppose t = -2*t - y. Let n = 1 - t. What is the highest common factor of n and 8?
8
Suppose -16 = d - 5*d. Suppose g + g - 31 = 3*b, 0 = -2*g - 2*b + 46. Calculate the highest common divisor of d and g.
4
Let r(l) = -l**3 + 2*l**2 + 3*l - 1. Let u be r(2). Suppose 80 = -u*p + 9*p. Calculate the greatest common divisor of 30 and p.
10
Suppose -5*f + 8 = -3*w - 0*f, -4*f = -w - 12. Let d be 8*(135/20 - w). Let n be -55*(0 - 1/1). Calculate the highest common factor of d and n.
11
Let x(y) = 41*y**3 - 2*y + 1. Let d be x(1). Let z(f) = -6*f - 3*f - f. Let n be z(-1). What is the highest common divisor of n and d?
10
Suppose -3*q = 5*d - 209, -q - 3*d - 240 = -5*q. Suppose -q - 41 = -4*j. Let c = -13 + j. Calculate the greatest common divisor of 26 and c.
13
Let m = 12 + -2. Let j be 66/9*12 + 2. Calculate the greatest common factor of m and j.
10
Suppose 6*b = 2*b + 8. Suppose -x + 2 = -b. Let v(o) = o**2 - 7*o + 4. Let d be v(8). What is the greatest common factor of x and d?
4
Let i = 5 + -6. Let d = i + 4. Suppose 4*f - 71 = -4*j + 97, 0 = d*f - 5*j - 150. Calculate the greatest common factor of f and 18.
9
Su